4) to base 6.
-14435
Convert -1332 (base 7) to base 15.
-243
What is d86 (base 15) in base 10?
3051
2658 (base 9) to base 16
7cd
-21900 (base 12) to base 2
-1010110111010000
What is -8020 (base 15) in base 14?
-9bca
What is -96a (base 14) in base 4?
-131002
Convert 1755 (base 16) to base 10.
5973
Convert 2241 (base 5) to base 4.
11001
What is -3ab (base 14) in base 9?
-1011
Convert -243 (base 5) to base 10.
-73
What is -c77 (base 14) in base 8?
-4631
Convert 211110 (base 5) to base 16.
1b76
What is 6ac3 (base 14) in base 13?
8605
What is -22465 (base 10) in base 14?
-8289
-25573 (base 11) to base 16
-8f0e
What is -2b (base 14) in base 11?
-36
What is -1352 (base 7) in base 10?
-527
Convert 2904a (base 13) to base 9.
126507
What is -149a (base 12) in base 8?
-4566
1130 (base 5) to base 15
b0
Convert a04 (base 14) to base 13.
b81
What is -2 (base 6) in base 15?
-2
-3403 (base 6) to base 13
-492
Convert -2003 (base 9) to base 10.
-1461
216 (base 14) to base 12
2a4
What is -1530 (base 9) in base 10?
-1161
-3b90 (base 14) to base 2
-10100100010010
-410 (base 7) to base 6
-535
-1551 (base 6) to base 15
-1d7
What is 12222101 (base 3) in base 16?
1105
-345236 (base 7) to base 13
-2220b
What is -4158 (base 10) in base 6?
-31130
What is 81a (base 16) in base 3?
2211211
What is 155125 (base 6) in base 10?
15389
What is -2525 (base 6) in base 15?
-2be
5086 (base 10) to base 2
1001111011110
1150024 (base 6) to base 16
ee00
Convert 7 (base 11) to base 8.
7
What is -203003 (base 4) in base 13?
-1037
Convert 15a02 (base 12) to base 7.
155564
Convert 2277 (base 15) to base 3.
101000211
43a (base 14) to base 10
836
Convert -2101033 (base 4) to base 9.
-13667
Convert -41204 (base 8) to base 14.
-62c4
7b9 (base 15) to base 2
11011010101
-1306 (base 9) to base 4
-33102
-16 (base 15) to base 14
-17
Convert -18b3 (base 15) to base 11.
-4018
What is 7211 (base 8) in base 16?
e89
Convert -4023002 (base 5) to base 15.
-14002
What is 3610 (base 8) in base 3?
2122102
Convert 375 (base 14) to base 9.
847
Convert -10814 (base 10) to base 16.
-2a3e
Convert 122a3 (base 11) to base 16.
44fa
-111000101011 (base 2) to base 16
-e2b
What is 112120202 (base 3) in base 5?
320011
4c5c (base 14) to base 6
142030
-e2 (base 15) to base 10
-212
Convert -11329 (base 10) to base 2.
-10110001000001
What is 1044 (base 8) in base 4?
20210
-290 (base 14) to base 12
-372
Convert -12a2 (base 12) to base 11.
-1674
What is -c522 (base 16) in base 8?
-142442
What is -c93 (base 13) in base 15?
-983
What is -20455 (base 6) in base 4?
-223103
212122 (base 3) to base 14
338
Convert 159 (base 12) to base 16.
d5
-1aa (base 12) to base 8
-422
11100111001100 (base 2) to base 16
39cc
Convert 272c (base 16) to base 9.
14672
What is -13130 (base 5) in base 11?
-866
222022 (base 4) to base 6
20254
What is -10642 (base 7) in base 13?
-1318
Convert -357 (base 16) to base 14.
-451
What is -111000000 (base 2) in base 5?
-3243
210212200 (base 3) to base 16
3e4c
Convert -857 (base 9) to base 16.
-2bc
Convert -339 (base 14) to base 2.
-1001111111
What is -23303 (base 4) in base 15?
-355
What is 65aa (base 13) in base 15?
42e7
What is -1132 (base 8) in base 9?
-738
Convert -10c4 (base 13) to base 3.
-10020022
What is -3221131 (base 4) in base 13?
-6a54
What is 404 (base 9) in base 4?
11020
Convert -110011110 (base 2) to base 13.
-25b
Convert 228b (base 12) to base 16.
f0b
Convert -12491 (base 12) to base 2.
-110000100101101
What is 9248 (base 14) in base 4?
12021000
-169 (base 15) to base 8
-504
65608 (base 9) to base 8
124761
Convert 3042 (base 6) to base 14.
362
-1ba83 (base 14) to base 4
-101100103
What is -36055 (base 8) in base 15?
-4870
What is 1d04 (base 14) in base 5?
132141
8cd7 (base 16) to base 14
d1d5
-1280 (base 10) to base 8
-2400
-33540 (base 7) to base 4
-2010321
What is -10113 (base 4) in base 13?
-186
-34b (base 15) to base 12
-522
What is 2507 (base 9) in base 3?
2120021
Convert -1011323 (base 4) to base 12.
-270b
Convert -381 (base 14) to base 9.
-858
What is 50430 (base 9) in base 15?
9c56
-466 (base 7) to base 2
-11110100
What is 201221 (base 3) in base 4?
20122
-120020021 (base 3) to base 6
-123224
What is 3274 (base 12) in base 13?
26b9
-33013 (base 6) to base 9
-6210
What is 36764 (base 11) in base 7?
310004
Convert 12200 (base 3) to base 15.
a3
What is 3637 (base 9) in base 8?
5223
-1d0 (base 16) to base 9
-565
Convert 3061 (base 8) to base 14.
813
-168 (base 10) to base 5
-1133
What is 3323 (base 4) in base 5?
2001
1a75 (base 11) to base 10
2623
Convert -360 (base 7) to base 16.
-bd
5a45 (base 11) to base 16
1eea
What is -1110100111000 (base 2) in base 9?
-11231
c31 (base 14) to base 5
34040
What is 23323 (base 6) in base 13?
16b9
Convert 2252 (base 8) to base 6.
5310
Convert 1431 (base 6) to base 11.
315
What is -115 (base 12) in base 4?
-2201
-63645 (base 7) to base 9
-23553
-513 (base 13) to base 14
-457
-35635 (base 7) to base 9
-13604
Convert -355123 (base 6) to base 8.
-74333
What is 3945 (base 11) in base 16?
140b
What is 30845 (base 9) in base 15?
6082
2105 (base 7) to base 2
1011100100
-3540 (base 6) to base 13
-507
Convert -1222 (base 8) to base 6.
-3014
15aa2 (base 15) to base 9
115788
What is -11010110 (base 2) in base 14?
-114
622 (base 8) to base 15
1bc
Convert 737 (base 8) to base 15.
21e
What is -287 (base 9) in base 5?
-1431
Convert -351413 (base 6) to base 8.
-72741
Convert -1704 (base 8) to base 16.
-3c4
What is 556 (base 7) in base 4?
10132
Convert -10010000101100101 (base 2) to base 6.
-1330553
What is 656 (base 11) in base 15?
377
What is 30361 (base 10) in base 2?
111011010011001
22101 (base 3) to base 4
3202
What is -1101001110100001 (base 2) in base 11?
-37782
Convert 23000 (base 4) to base 11.
590
What is -3bb9 (base 14) in base 3?
-112110210
What is -214244 (base 5) in base 11?
-5662
Convert 432 (base 7) to base 4.
3123
-3102 (base 6) to base 11
-574
1341034 (base 5) to base 6
331552
-1000220 (base 3) to base 7
-2124
What is -1486 (base 12) in base 6?
-15050
445 (base 6) to base 2
10101101
What is c (base 14) in base 16?
c
What is 1100100110 (base 2) in base 4?
30212
-633 (base 7) to base 8
-476
Convert -10013 (base 6) to base 8.
-2431
What is -520 (base 8) in base 16?
-150
Convert -4623 (base 10) to base 3.
-20100020
-92a3 (base 13) to base 15
-5ee9
What is -23255 (base 9) in base 14?
-5929
Convert -2667 (base 8) to base 16.
-5b7
Convert 15428 (base 11) to base 4.
11110302
Convert -1250 (base 9) to base 2.
-1110101000
Convert -2fbb (base 16) to base 14.
-464b
Convert -3510 (base 9) to base 15.
-b86
Convert -1210100121 (base 3) to base 6.
-431111
4bca (base 14) to base 10
13310
Convert 515 (base 8) to base 12.
239
Convert -a39 (base 13) to base 10.
-1738
What is -101010110101 (base 2) in base 3?
-10202112
What is -51 (base 11) in base 16?
-38
What is 381 (base 12) in base 2?
1000010001
Convert -c1 (base 16) to base 15.
-cd
What is -27991 (base 11) in base 3?
-2000120122
What is -318 (base 12) in base 14?
-244
What is -902 (base 16) in base 8?
-4402
111 (base 10) to base 7
216
What is d80c (base 15) in base 16?
b277
Convert 2121 (base 12) to base 13.
185b
Convert -e7e (base 15) to base 7.
-12350
What is 2397 (base 10) in base 3?
10021210
What is -136 (base 7) in base 9?
-84
-19551 (base 10) to base 11
-13764
-15067 (base 14) to base 15
-1071c
What is 2236 (base 8) in base 13?
6cc
Convert 3411 (base 6) to base 8.
1437
Convert 355035 (base 6) to base 8.
74277
-212211001 (base 3) to base 9
-25731
What is -25b2 (base 14) in base 3?
-100002100
Convert -771 (base 8) to base 11.
-41a
What is 7777 (base 12) in base 16?
338b
What is 263 (base 10) in base 16?
107
Convert 341 (base 8) to base 6.
1013
What is 1515 (base 8) in base 4?
31031
-329 (base 15) to base 2
-1011001010
What is 15372 (base 10) in base 14?
5860
What is -101310 (base 4) in base 7?
-3216
What is -560 (base 15) in base 14?
-62b
21020202 (base 3) to base 6
40245
Convert 58381 (base 10) to base 5.
3332011
Convert 9a3b (base 12) to base 16.
428f
Convert 681 (base 14) to base 15.
5ae
What is -384 (base 12) in base 5?
-4112
Convert 1535 (base 7) to base 11.
509
What is -881 (base 11) in base 16?
-421
-3396 (base 16) to base 15
-3da6
2e9 (base 16) to base 5
10440
Convert 5941 (base 14) to base 10.
15541
What 